 -5 + 6. Suppose -a = 2*v + 2*a + n, a = 3*v - 26. Calculate the remainder when q is divided by v.
6
Suppose -13*v + 320 = -5*v. Calculate the remainder when v is divided by 14.
12
Let d(t) = -t**2 - 14*t + 3. Suppose -m - 154 = 5*s + 78, -5*s + 192 = -m. What is the remainder when 4/(-14) - m/7 is divided by d(-13)?
14
Let i(p) = p**2 - 7*p - 13. Let g be i(9). Suppose 2*r = -3*n + 222, -n + g*r = r - 88. Suppose 5*u - 84 = n. What is the remainder when u is divided by 11?
10
What is the remainder when 36 is divided by -1 - 435/(-21) - (-4)/14?
16
Let g = 5 + -1. Calculate the remainder when 3/(12/4) + (-14)/(-1) is divided by g.
3
Let a = 5 - 3. What is the remainder when 21 is divided by a - (-1 - 5 - 3)?
10
Let b(u) = 4*u - 4. What is the remainder when 13 is divided by b(3)?
5
Let j be (-328)/(-28) - (-4)/14. Let z = j - 4. Calculate the remainder when (-285)/(-20) + (-2)/8 is divided by z.
6
Let m be 8*(3/(-6) + 1). Suppose -1 - 115 = -m*y. What is the remainder when y is divided by 15?
14
Suppose -4*y + 12 = -16. Suppose -16 = -3*f - y. What is the remainder when 7 is divided by f?
1
Calculate the remainder when 27 is divided by 2 - (-18 + 11 + -1*1).
7
Let n be 1/(1/(-2)) + 5. Suppose 5*t = n*t + 34. Calculate the remainder when 32 is divided by t.
15
Suppose -11*g + 125 = -700. What is the remainder when g is divided by 7?
5
Let t be 2/(-5) + 2368/20. Suppose -3*u = 5*a - t, 5*a - 110 = -u - 4*u. Suppose -a = -b - b. What is the remainder when 24 is divided by b?
11
Let t be ((-6)/4)/((-12)/16). What is the remainder when (0 - 1)*(1 - 11) is divided by t/8 + (-55)/(-20)?
1
Let m(o) = -o**3 - 2*o**2 - o + 1. Let d be m(-2). Suppose 0 = d*l + a - 29, 0 = -5*a - 0*a - 5. Calculate the remainder when -1 - -6*(4 - -1) is divided by l.
9
Let m(r) = 3*r - 1. Let g be m(2). Suppose -8 = -g*p + 3*p. What is the remainder when 13 is divided by p?
1
Let d = -36 - -26. Calculate the remainder when (-82)/(-6) - 1/(-3) is divided by 8/d*(1 - 11).
6
Let g(v) = -v**2 - 24*v + 37. What is the remainder when 108 is divided by g(-24)?
34
Suppose 3*c = -3*f - 2*f + 215, -5*c + 2*f = -410. Suppose 3*h + 4*y - c = -h, -4*h - 2*y + 80 = 0. Calculate the remainder when 118 is divided by h.
18
Let h be 60/8*10/(-3). Let z = h + 35. Suppose 34 = -5*p + 179. What is the remainder when p is divided by z?
9
Suppose -3*f - d + 43 = 4*d, -4*f = -d - 19. What is the remainder when 7 is divided by f?
1
Let a(c) = c**2 + 3*c + 3. Suppose 0 = 5*s + 2*o + 9, -3*o = -3*s - 6*o. What is the remainder when 7 is divided by a(s)?
1
Let x be 3/12 - 147/12. Let i = x - 5. Let k = i + 37. Calculate the remainder when 58 is divided by k.
18
Suppose -2*y - 2*y = 8. Let q be ((-3 - -2) + 0)*(-14)/2. Calculate the remainder when 360/14 - y/q is divided by 9.
8
Let v = -16 - -19. Suppose v*a = -0*a + 12. What is the remainder when 17 is divided by a?
1
Let h be (-18)/(-12) - 6/4. Suppose -j + 2 - 1 = h. Let y = 3 - 1. Calculate the remainder when y is divided by j.
0
Suppose -62 = -4*c - 238. What is the remainder when 18 is divided by (-15)/(4 + c/8)?
8
Let y(i) = 3*i**2 + 2*i + 4. What is the remainder when y(5) is divided by 23?
20
Let a be 1/(-2) + 2/(-4). Let u be (-4)/(-2) + (0 - a). Let q = u + 2. What is the remainder when 8 is divided by q?
3
Suppose 2*i = 10 + 68. Let w = 19 - i. What is the remainder when 39 is divided by (-3)/2*w/3?
9
Let l(o) = o**2 + 2*o + 2. Let f be l(-2). Let w be (f/(-4))/((-3)/6). Suppose -15 = -4*t + w. Calculate the remainder when 7 is divided by t.
3
Let s = 13 + -9. Suppose 0 = -s*t + 15 + 97. Calculate the remainder when t is divided by 10.
8
Let m(q) = q**3 - 8*q**2 - 5*q - 11. Let d(g) = -g + 9. What is the remainder when m(9) is divided by d(0)?
7
Suppose -j - 2*j + 66 = 3*g, 0 = 4*j - g - 63. Suppose o - 2*l = 11, -3*o - 2*o + 22 = l. Calculate the remainder when j is divided by o.
2
Let v = -16 - -42. Calculate the remainder when v is divided by 7.
5
Let b = 4 + 16. Calculate the remainder when 76 is divided by b.
16
Let l = 1 + -1. Suppose 2*v - 2*h - 36 = l, -4*v = -h - 31 - 56. Suppose 3*w - 37 = -1. What is the remainder when v is divided by w?
11
Let n be 3/(-9) + (-37)/(-3). Suppose n = 3*o + o. Suppose c = 4*j + 31, -o*c - 4*j = -j - 93. What is the remainder when c is divided by 11?
9
Let o = 3 + -5. Calculate the remainder when 3/(-6) + (-77)/o is divided by 20.
18
Let z = 40 - 14. Let f(b) = -b**3 + 3*b**2 + 7*b - 2. Let w be f(5). Let r = w - -26. What is the remainder when z is divided by r?
8
Let y = 48 + 113. What is the remainder when y is divided by 33?
29
Let t = 27 - 12. What is the remainder when 81 is divided by t?
6
Let c(g) = 4*g**2 + 1. Let r(b) = -3*b**2 + b - 1. Let v(t) = -2*c(t) - 3*r(t). Let w be v(2). Calculate the remainder when 41 is divided by (-1 - 0)/(w/14).
13
Let d(i) = -i**2 + 6*i + 3. Let n be d(5). Calculate the remainder when 12/(-48) + 218/n is divided by 10.
7
Suppose -4*l = -27 - 49. Calculate the remainder when l is divided by 7/(2*1 - (3 + -2)).
5
What is the remainder when 18 is divided by (-1)/(-4) - 45/(-12)?
2
Let j(x) = 19*x - 14. What is the remainder when j(6) is divided by 17?
15
Let f(u) = -u + 3. What is the remainder when 227 is divided by f(-9)?
11
Let y(x) = 4*x - 12. Let z be y(5). Suppose p = 4*s - z, -2*p + p - 4*s = -16. What is the remainder when 7 is divided by p?
3
Suppose 2*m + 25 = 107. What is the remainder when m is divided by 16?
9
Suppose -3*a = -2*l, -2*a - 40 + 18 = -5*l. Calculate the remainder when -11*(-2)/(-2)*-1 is divided by l.
5
Let x(o) = o**2 + 15*o + 33. What is the remainder when x(-17) is divided by 19?
10
Let g = -1 - -6. Let h = g + 44. What is the remainder when h is divided by -17*(-3 - 6/(-3))?
15
Let i(g) = g**3 - 21*g**2 - 23*g + 27. Calculate the remainder when 6 is divided by i(22).
1
Suppose -34 = -3*a + 59. Let h(p) = -13 + 14 - 4*p - 11*p. What is the remainder when a is divided by h(-1)?
15
Suppose -12 = -x - 0*x. Calculate the remainder when 57 is divided by x.
9
What is the remainder when 2 is divided by 7*1/21*6?
0
Suppose 0 = 2*b - 2*o - 28, 3*o - 2*o + 82 = 5*b. Calculate the remainder when 48 is divided by b.
14
Suppose 4*q + 30 = -u - 107, 4*u + 58 = -2*q. What is the remainder when (q/(-15))/((-1)/(-15)) is divided by 7 + (1 - (-2)/2)?
8
Let r(c) = c**3 - 1 + 0*c + 4*c - 2*c - 2*c**2. Let b = -17 - -25. Calculate the remainder when b is divided by r(2).
2
Suppose -58 = -225*s + 223*s. Suppose 3*a + 5*y = 20, 5*a + 4*y - 26 = 29. What is the remainder when s is divided by a?
14
Suppose 3*f + 4*m - 2*m = 404, 4*f = 3*m + 533. Calculate the remainder when f is divided by 27.
26
Let l(u) = 4*u + 1. Let f be l(-1). Let i(q) = 1 + 19*q - 19*q + q**2. Calculate the remainder when i(f) is divided by 6.
4
Let p = -20 + 56. What is the remainder when p is divided by 19?
17
Suppose -5*v - 52 = -202. Suppose 4*c = -3*g + 50, -2*c - 5*g + v = -g. Calculate the remainder when c is divided by 4.
3
What is the remainder when ((-674)/(-6))/(1/(-21)*-7) is divided by 68?
65
Let f(a) = -a**3 + 9*a**2 + 13. Suppose 1 = -5*d - 4. Let b(v) = 49*v**2 - v. What is the remainder when b(d) is divided by f(9)?
11
Let j(l) = 4*l - 25. Calculate the remainder when j(21) is divided by 12.
11
Let q = -84 + 105. What is the remainder when 40 is divided by q?
19
Let c(n) = -n**2 + 8*n - 2. Let f = -10 + 12. What is the remainder when c(7) is divided by f?
1
Let t be 14 + (-1 - -3)/(-2). Let z = 19 - t. Calculate the remainder when 52*(-2 - (-15)/z) is divided by 14.
12
Let z(v) = -2*v + 7. Calculate the remainder when 105 is divided by z(-10).
24
Suppose -39 - 37 = -4*w. Let j be -58*((-1)/2 - 0). Let y = j - w. Calculate the remainder when 29 is divided by y.
9
Suppose 5*q = 5 + 5. Suppose -3*j + 35 = -q*j. Calculate the remainder when j is divided by 9.
8
Suppose 4 = 5*a - 1, -p + 2*a + 19 = 0. Let z = 51 - p. Calculate the remainder when 59 is divided by z.
29
Suppose -18 = -5*n - n. What is the remainder when 13 is divided by n?
1
Suppose 4*c - 172 = -4*a - c, c = 3*a - 148. Let o = 39 - 22. Calculate the remainder when a is divided by o.
14
Let b(d) = -d**2 - 14*d - 17. Calculate the remainder when 110 is divided by b(-9).
26
Let a(q) = 5*q**2 + q - 2. Cal